= 805 - 624. What are the prime factors of q?
181
Let a = -61 - -66. What are the prime factors of 3509/44 + (10/8)/a?
2, 5
Suppose 3*a + 14 = 5. Let p be (-22 - 1)*-1 - a. Suppose y = n + 8, 2*y - 20 = -4*n + p. What are the prime factors of y?
13
Let l be -275 + (1 + -1)/((-14)/(-7)). Let j = -165 - l. What are the prime factors of j?
2, 5, 11
Let q be (27/(-12))/(6/(-32)). Suppose 0 = 3*d - q + 6. Suppose -d*f - 13 - 5 = -3*h, 4*h - 2*f = 24. What are the prime factors of h?
2, 3
Let m = 421 - 31. What are the prime factors of m?
2, 3, 5, 13
Let k(h) = -h**2 - 2*h + 6. Let z(g) = -2*g**2 - 3*g + 12. Let f(u) = 7*k(u) - 4*z(u). Let q = -4 + 9. List the prime factors of f(q).
3
Let w be 1*(4 + -3) - -32. Suppose 0 = c + 11 - w. List the prime factors of (c/(-4))/(2/(-8)).
2, 11
Suppose -2*x + 3 = -1. Suppose 3*h + 12 = 5*f + h, -x*f + 16 = 2*h. Suppose 5*t - 28 = -4*z + 9*t, 2*t = -f*z + 46. What are the prime factors of z?
2, 5
Let j be 327 + (-1 + 0)/(2/(-6)). Let g = j + -176. What are the prime factors of g?
2, 7, 11
Let t = -173 - -175. List the prime factors of t.
2
Let a(j) be the first derivative of -j**4/4 - j**3 + 3*j**2 + 4*j + 3. Let s be a(-5). Let n = 52 - s. List the prime factors of n.
2, 7
Let v = -10 - 0. Let i be (-22)/55 - 4/v. Suppose -3*g = 5*h - 134, 0 = 5*h - i*h - 5*g - 110. What are the prime factors of h?
5
Suppose -16896 = -6*w + 5076. What are the prime factors of w?
2, 1831
Let h = -124 - -401. List the prime factors of h.
277
Suppose 2*p + 58 = 262. What are the prime factors of p?
2, 3, 17
Suppose -3768 = -95*f + 91*f. What are the prime factors of f?
2, 3, 157
Let z = 712 + -221. List the prime factors of z.
491
Let x(q) = q**3 - 5*q**2 - q - 6. Let p be x(5). Let t(v) = -v**2 - 11*v + 3. Let o be t(p). List the prime factors of o/(-9) + (-68)/(-6).
11
Suppose 3*b - b = 12. Let h be ((-8)/(-10))/(b/15). Suppose h*z + 4*w + 33 = 7*z, 4*w - 12 = 0. List the prime factors of z.
3
Let b be 2/4 + (-686)/28. Let n = b - 12. List the prime factors of (-1 + (-4)/(-16))*n.
3
Let t(x) = x**3 + 11*x**2 + x - 15. Let k be t(-11). Let l = k + 29. Suppose -2*a - j = -89, 0*a - l*a + 131 = j. What are the prime factors of a?
2, 3, 7
Let o(d) = -11 - 6*d - 19 - d**3 + 1332*d**2 - 1340*d**2. What are the prime factors of o(-9)?
3, 5, 7
Let k = 461 - 433. Suppose n = -4*n + 255. Suppose -13 = -2*g - 2*p + n, -g = 5*p - k. List the prime factors of g.
3, 11
Suppose 4*m + 0*m = 104. Let d be -1 - (4/(-6))/((-2)/39). Let w = m - d. List the prime factors of w.
2, 5
Let j(u) = -u**3 - 2*u**2 + 2*u + 1. Let v be j(-3). Suppose 0 = g - 4*n - 19, -v*g + 0*n + 2*n + 20 = 0. Suppose g = r - 7. List the prime factors of r.
2, 5
Let s(n) = -n - 1. Suppose -3*r - 2 = 10. Let k be s(r). Suppose -k*o + 138 = -0*o. What are the prime factors of o?
2, 23
Let z be ((-2)/6)/((-2)/6). Suppose -2*g + 7 = 3*x, 5*x + 0 = -2*g - 3. List the prime factors of (z - -19)/(g - 9).
2, 5
Suppose -4*x = -0*x. Suppose -3*v = -6*v - 2*d - 10, x = -4*v - 4*d - 20. Suppose 9*u - 4*u - 40 = v. What are the prime factors of u?
2
Suppose 3*l - 4*l = -2, 5*l - 1790 = -5*h. List the prime factors of h.
2, 89
Let x(f) = 2*f**2 + 16*f. Suppose 4*d = a - d - 4, 16 = -4*d. List the prime factors of x(a).
2
What are the prime factors of (1530/(-120))/((-1)/36*1)?
3, 17
Let b(v) = 3*v - 20*v - 3 - 1 + 0. What are the prime factors of b(-5)?
3
Let g be (-20)/(-9) + (-18)/81. Suppose u - g = -0*u. Suppose 3*r + 2*i = -2*r + 27, -4*r + 18 = -u*i. List the prime factors of r.
5
Suppose -635*w - 1525 = -636*w. List the prime factors of w.
5, 61
Suppose 0 = -2*h - 4*i + 1038, 2*i + 647 = 2*h - 379. What are the prime factors of h?
5, 103
Suppose -z - 4900 = -11*z. List the prime factors of z.
2, 5, 7
Let p = 9 - 6. Suppose y - 4*y = 2*b - 39, -p*b = 2*y - 61. What are the prime factors of b?
3, 7
Let x(j) = j**3 + 15*j**2 - 9*j - 1. Let k be x(-15). Suppose k = 3*d - u, -3*d - 82 = -5*d - 3*u. List the prime factors of d.
2, 11
What are the prime factors of (615 - -10) + (8 - 0)?
3, 211
Let u = -3 - -5. Suppose -u*y = -58 - 6. What are the prime factors of y?
2
Let f(u) = -8*u - 18. Let a be f(-12). Suppose 0 = -o - 43 - a. Let t = -58 - o. What are the prime factors of t?
3, 7
Suppose 5*c + 4*b - 1655 = 0, -5*c - 4*b = -3*c - 662. List the prime factors of c.
331
Suppose -22*c + 10635 = 3441. What are the prime factors of c?
3, 109
Let q(m) = -m - 1. Let x(t) = 6*t + 20. Let o(z) = -4*q(z) - x(z). Let c = -20 + 5. What are the prime factors of o(c)?
2, 7
Suppose -y - 22 + 17 = 0, 2*o - 746 = -4*y. List the prime factors of o.
383
Let j = -75 - -591. Let y = j - 273. List the prime factors of y.
3
Let c(q) = q**2 + q + 29. Let v be c(-13). Let u = -41 + v. List the prime factors of u.
2, 3
Suppose 4*a + 5*i + 39 = 0, 99 = -5*a - 3*i + 34. Let l = a - -26. What are the prime factors of l?
2, 5
Let t = -163 + 167. Suppose 0 = -g - 5*x + 360, 3*x - 5*x + 1440 = t*g. List the prime factors of g.
2, 3, 5
Let j(y) = -8 - 11 + 25 + y. Let r be j(6). Let z = r - 10. What are the prime factors of z?
2
Let h = -60 - -65. Suppose -2*t + 7*t + h*q - 1080 = 0, 5*q = 15. List the prime factors of t.
3, 71
Suppose -3*m - 357 = -3*i, -2*i - 2*i + 3*m + 475 = 0. What are the prime factors of -2 + i + (6 - 2)?
2, 3, 5
Let u(o) = -9020 + 9030 + 0*o - 65*o. List the prime factors of u(-3).
5, 41
Suppose 4*b + p - 27 = 16, 4*b + 3*p - 49 = 0. Let l be b/6 - 6/(-18). Suppose -l = u - 2*u. What are the prime factors of u?
2
Suppose -5*i - 4 - 6 = 0, -5*i - 202 = -2*z. Suppose 4*j = 2*l - 82 - 8, -2*l + 2*j = -z. What are the prime factors of l?
3, 17
List the prime factors of (-1 - (-11 - 808))/((-2)/(-8)).
2, 409
What are the prime factors of (14 + 6703)*(10/6)/5?
2239
Let m(j) = j - 3. Let t be m(5). Suppose -t*n + 0*n + 12 = 0. What are the prime factors of 57/n - (-18)/(-12)?
2
Let u = -54 + 55. Let d(q) = 16*q**2 + 2*q - 2. List the prime factors of d(u).
2
Suppose 4*n = 6*y - 5680, y + 4*y + 2*n = 4760. What are the prime factors of y?
2, 5, 19
Let z(q) = -7*q**3 + 6*q**2 + 11*q + 5. Let c be (-3*4/20)/((-4)/(-20)). List the prime factors of z(c).
5, 43
Let u(k) = k**3 - 4*k**2 + 3*k + 3. Let o be u(3). Let b be (66 + o + -5)/1. Suppose 91 = 5*f - b. What are the prime factors of f?
31
Suppose 0 = -5*v - 4*j + 3439 + 1114, -3*v + 4*j = -2719. List the prime factors of v.
3, 101
Suppose -5*v - 489 = -4739. Suppose 11*i - v - 2769 = 0. List the prime factors of i.
7, 47
What are the prime factors of (112/84)/((-4)/(-13659))?
29, 157
Let q(b) = -186 - b + 0*b - 3*b + 171. Suppose 22 = -3*v - 14. List the prime factors of q(v).
3, 11
Suppose -6*t + 12 = -2*t. Suppose 0 = t*x + x - 508. What are the prime factors of x?
127
Let k(s) = -35*s**3 + s**2 + 7*s + 2. List the prime factors of k(-2).
2, 17
Suppose -5*d = 66 - 46. Let w(n) be the second derivative of -7*n**3/6 - n**2 - n. List the prime factors of w(d).
2, 13
Let k be 7/(7/8) - 4. Suppose k*u - 194 = 122. What are the prime factors of u?
79
Let f = 95 - -252. List the prime factors of f.
347
Let f = -26 + 30. Suppose -5*b - 8 = -3*b, f*y - 432 = 3*b. What are the prime factors of y?
3, 5, 7
Suppose 2*r + 15*r - 34136 = 0. List the prime factors of r.
2, 251
Suppose -4*h = -0*u + 4*u - 12, -2*h + 2*u = -22. Let i = 20 + h. Suppose -i = 4*p - 5*j - 69, 2*j = -4. What are the prime factors of p?
2
Let s be (-8112)/(-64) - 3/4. Suppose -5*b - 5*l = -365, -2*b + 3*l + s = l. List the prime factors of b.
2, 17
Let a be (-6 + 5)*6/(-2). Let y be 2/a*(-2 + 5). Suppose 15 + 19 = y*b. What are the prime factors of b?
17
Let z = -21 - -66. Let i = 87 - z. List the prime factors of i + -3 + (-12)/(-3).
43
Let a be ((1404/(-15))/4)/((-1)/5). Let q be (-2 - 2)*6/(-8). Suppose -6*n + n - 2*g = -118, 0 = -5*n - q*g + a. What are the prime factors of n?
2, 3
Let n = -30 + 28. Let r be (-6)/(-1)*n/(-3). List the prime factors of (47 + -2)/(4/r).
3, 5
Let h(o) = -1 + o**3 - o**3 - o**2 - 4*o**3 + o. Let b be h(1). Let f = b + 18. List the prime factors of f.
13
Let z be 12/(-42) + (-60)/(-14). Let i be (-2 + 8 + 1)*1. What are the prime factors of 12*z/(12/i)?
2, 7
Let d(v) = -795*v**3 - 1. Let p be d(-1). Suppose -4*j - p = g - 4*g, 3*g + 5*j = 803. Suppo